
Calculate the greatest common factor of 162766 and 511772.
194
What is the greatest common factor of 121 and 381625409?
121
What is the greatest common factor of 175990283 and 749?
749
What is the highest common divisor of 377440 and 25728?
32
Calculate the highest common factor of 13294865 and 1640.
205
Calculate the greatest common factor of 377114 and 1720406.
314
Calculate the highest common divisor of 91481445 and 2853.
2853
Calculate the greatest common factor of 4448 and 2311709.
139
What is the greatest common factor of 1151838 and 6408?
1602
What is the highest common divisor of 28618 and 336436?
698
What is the highest common factor of 9060 and 10143878?
302
What is the highest common divisor of 130 and 48784190?
130
Calculate the greatest common divisor of 12474 and 40796406.
378
What is the highest common divisor of 3021 and 344924?
53
Calculate the highest common divisor of 30937444 and 10576.
2644
What is the highest common factor of 2170428068 and 488?
244
Calculate the highest common divisor of 150 and 1387392.
6
What is the greatest common divisor of 1150264 and 60925?
2437
What is the highest common divisor of 4496192 and 21119?
431
Calculate the highest common divisor of 341523 and 112476.
273
What is the highest common factor of 2368 and 16339052?
148
Calculate the greatest common divisor of 396243 and 531.
9
Calculate the greatest common divisor of 249 and 49709447.
83
What is the greatest common factor of 1613716 and 156?
52
What is the greatest common factor of 2913880 and 56260?
1940
Calculate the highest common divisor of 288170 and 120.
10
Calculate the greatest common divisor of 36374224 and 368.
368
What is the highest common divisor of 200343 and 6347?
11
Calculate the greatest common divisor of 57 and 93297885.
57
What is the highest common divisor of 2828 and 375922?
202
What is the highest common factor of 6973151 and 177?
59
What is the highest common divisor of 54077 and 385387693?
3181
What is the greatest common factor of 25 and 645445425?
25
What is the greatest common divisor of 2829292 and 72684?
2692
What is the greatest common divisor of 15358 and 9366?
14
Calculate the highest common factor of 5055 and 43095.
15
Calculate the greatest common divisor of 572 and 6109961.
143
What is the greatest common factor of 52038 and 3482298?
1062
Calculate the greatest common divisor of 7510146 and 609.
21
Calculate the greatest common factor of 4086168 and 3.
3
Calculate the highest common divisor of 1579012655 and 55.
55
What is the highest common divisor of 406528 and 19850?
794
Calculate the greatest common factor of 26 and 411074963.
13
What is the greatest common divisor of 19194 and 44058?
42
What is the greatest common divisor of 464 and 70115216?
16
What is the greatest common divisor of 138180110 and 40610?
1310
Calculate the highest common factor of 436 and 4631955.
109
What is the greatest common factor of 4212670 and 3080?
770
What is the greatest common factor of 15594369 and 1393?
7
Calculate the highest common factor of 35 and 1157410.
5
Calculate the greatest common divisor of 3560 and 249520.
40
Calculate the highest common divisor of 1925598 and 930.
6
Calculate the highest common divisor of 2571602 and 656.
82
What is the greatest common factor of 1456591 and 63451?
107
What is the greatest common factor of 2436374 and 3421?
311
What is the highest common divisor of 5075 and 157615?
145
What is the highest common factor of 1204 and 3592834?
14
Calculate the highest common factor of 1020612663 and 84.
21
What is the greatest common divisor of 3723753 and 6270?
627
What is the greatest common divisor of 162 and 32048586?
18
What is the highest common factor of 1530 and 520794?
18
Calculate the greatest common divisor of 77682 and 3586.
22
Calculate the highest common divisor of 19258250 and 11.
11
What is the greatest common factor of 709700 and 1269?
47
What is the greatest common divisor of 48 and 141539536?
16
What is the highest common divisor of 5334798 and 86478?
2982
Calculate the greatest common divisor of 3774 and 976837.
629
What is the highest common factor of 283118 and 458694?
34
Calculate the highest common divisor of 1104 and 42279543.
69
What is the greatest common factor of 670 and 2140830?
10
What is the greatest common factor of 5260032 and 11520?
2304
What is the highest common factor of 74867 and 464750?
169
What is the greatest common divisor of 2367072 and 5280?
96
What is the greatest common factor of 904 and 62266164?
452
Calculate the highest common divisor of 177366846 and 46.
46
Calculate the highest common divisor of 53735 and 10816367.
977
Calculate the highest common factor of 24516 and 21033.
27
Calculate the greatest common divisor of 274 and 6226239.
137
What is the greatest common factor of 5264 and 322173908?
1316
What is the greatest common factor of 357618 and 14364?
114
What is the highest common divisor of 2 and 165556?
2
Calculate the greatest common divisor of 5700 and 177805800.
5700
What is the highest common divisor of 109582 and 265166?
374
Calculate the greatest common divisor of 32 and 444464224.
32
Calculate the highest common factor of 35640 and 68184.
72
What is the highest common divisor of 296960 and 19984?
16
What is the highest common factor of 10471824 and 7744?
1936
What is the highest common factor of 17478967 and 785?
157
What is the highest common factor of 9379441 and 64384?
503
What is the highest common divisor of 432565320 and 6?
6
Calculate the highest common factor of 1190256 and 81789.
411
What is the greatest common factor of 1004 and 540442909?
251
What is the highest common divisor of 630 and 92613780?
630
What is the highest common factor of 47060337 and 1381?
1381
Calculate the greatest common factor of 270 and 1577640.
30
What is the highest common factor of 698983420 and 20?
20
Calculate the highest common divisor of 16778244 and 210.
42
Calculate the greatest common divisor of 19001901 and 246.
123
What is the highest common divisor of 13752 and 32113976?
1528
Calculate the greatest common factor of 35 and 19429690.
35
Calculate the greatest common divisor of 162530080 and 320.
160
What is the greatest common factor of 310 and 9733256?
62
Calculate the highest common factor of 1685 and 13141652.
337
What is the highest common divisor of 146 and 617415239?
73
What is the highest common divisor of 1714179 and 5?
1
Calculate the greatest common divisor of 3726 and 4238730.
162
What is the highest common factor of 54 and 1094652?
18
Calculate the highest common factor of 577129 and 21.
7
What is the highest common factor of 8155084 and 1876?
28
Calculate the highest common divisor of 15338960 and 52.
52
What is the highest common factor of 130321650 and 2900?
1450
Calculate the highest common divisor of 86984000 and 128.
64
Calculate the highest common factor of 89962337 and 382.
191
Calculate the highest common factor of 22 and 8835277.
11
What is the greatest common factor of 3609886 and 335965?
2317
What is the greatest common divisor of 2336 and 224?
32
Calculate the greatest common divisor of 33147981 and 783.
27
Calculate the greatest common divisor of 624 and 2243553.
39
What is the greatest common factor of 174 and 12503031?
87
What is the greatest common factor of 5892270 and 57918?
1182
What is the greatest common factor of 5726240 and 736?
32
Calculate the greatest common factor of 304053 and 8643.
129
Calculate the highest common factor of 2630025 and 425.
25
Calculate the highest common divisor of 1767 and 6360394.
31
What is the highest common divisor of 240 and 32784900?
60
Calculate the greatest common factor of 12596 and 974716.
268
Calculate the greatest common factor of 246 and 54723069.
123
Calculate the greatest common divisor of 21 and 85648815.
21
Calculate the greatest common factor of 123761459 and 38.
19
What is the highest common factor of 1309 and 508963?
119
Calculate the greatest common factor of 125145 and 147393.
2781
What is the greatest common factor of 162393 and 891?
33
What is the highest common divisor of 23093549 and 1010?
101
What is the greatest common factor of 152031581 and 793?
793
Calculate the greatest common divisor of 316311043 and 103.
103
What is the highest common factor 